digit of 148333?
4
What is the units digit of 13029?
9
What is the thousands digit of 7885?
7
What is the units digit of 969?
9
What is the thousands digit of 6076?
6
What is the hundreds digit of 2489?
4
What is the thousands digit of 13316?
3
What is the thousands digit of 5285?
5
What is the tens digit of 1107?
0
What is the tens digit of 6307?
0
What is the hundreds digit of 51348?
3
What is the thousands digit of 2226?
2
What is the tens digit of 201402?
0
What is the hundreds digit of 3425?
4
What is the hundreds digit of 154?
1
What is the thousands digit of 36724?
6
What is the thousands digit of 98048?
8
What is the tens digit of 134375?
7
What is the hundreds digit of 138679?
6
What is the tens digit of 2451?
5
What is the tens digit of 13379?
7
What is the hundreds digit of 190?
1
What is the hundreds digit of 113?
1
What is the units digit of 2316?
6
What is the hundreds digit of 1742?
7
What is the tens digit of 10240?
4
What is the tens digit of 90455?
5
What is the units digit of 2958?
8
What is the tens digit of 4420?
2
What is the hundreds digit of 50691?
6
What is the tens digit of 1694?
9
What is the hundreds digit of 12980?
9
What is the hundreds digit of 1892?
8
What is the tens digit of 3767?
6
What is the thousands digit of 3006?
3
What is the units digit of 408?
8
What is the thousands digit of 8239?
8
What is the ten thousands digit of 15960?
1
What is the hundreds digit of 955?
9
What is the tens digit of 4380?
8
What is the units digit of 1577?
7
What is the tens digit of 1763?
6
What is the ten thousands digit of 11047?
1
What is the hundreds digit of 27491?
4
What is the ten thousands digit of 49053?
4
What is the tens digit of 20710?
1
What is the hundreds digit of 444?
4
What is the units digit of 425?
5
What is the units digit of 35909?
9
What is the tens digit of 901?
0
What is the tens digit of 5748?
4
What is the thousands digit of 23372?
3
What is the hundred thousands digit of 143135?
1
What is the tens digit of 90360?
6
What is the hundreds digit of 42267?
2
What is the hundreds digit of 846?
8
What is the ten thousands digit of 51696?
5
What is the units digit of 236?
6
What is the units digit of 17?
7
What is the ten thousands digit of 26952?
2
What is the tens digit of 1901?
0
What is the tens digit of 7361?
6
What is the tens digit of 9705?
0
What is the ten thousands digit of 145282?
4
What is the units digit of 151335?
5
What is the tens digit of 857?
5
What is the tens digit of 1048?
4
What is the hundreds digit of 20009?
0
What is the units digit of 1847?
7
What is the tens digit of 17170?
7
What is the units digit of 6778?
8
What is the units digit of 85584?
4
What is the tens digit of 5601?
0
What is the units digit of 10312?
2
What is the tens digit of 7461?
6
What is the hundreds digit of 19311?
3
What is the hundreds digit of 4433?
4
What is the units digit of 114539?
9
What is the thousands digit of 2463?
2
What is the ten thousands digit of 68407?
6
What is the units digit of 7966?
6
What is the tens digit of 2039?
3
What is the thousands digit of 11773?
1
What is the thousands digit of 1060?
1
What is the tens digit of 1285?
8
What is the thousands digit of 17028?
7
What is the hundreds digit of 406?
4
What is the hundreds digit of 7416?
4
What is the hundreds digit of 2981?
9
What is the tens digit of 38261?
6
What is the hundreds digit of 4811?
8
What is the hundreds digit of 4838?
8
What is the thousands digit of 23091?
3
What is the tens digit of 1350?
5
What is the hundreds digit of 36963?
9
What is the thousands digit of 12015?
2
What is the tens digit of 341?
4
What is the hundreds digit of 6976?
9
What is the thousands digit of 2215?
2
What is the units digit of 1865?
5
What is the thousands digit of 6454?
6
What is the tens digit of 3064?
6
What is the ten thousands digit of 16073?
1
What is the tens digit of 405?
0
What is the hundreds digit of 69734?
7
What is the units digit of 11700?
0
What is the tens digit of 5748?
4
What is the thousands digit of 44814?
4
What is the tens digit of 12303?
0
What is the tens digit of 43596?
9
What is the hundreds digit of 467?
4
What is the ten thousands digit of 15362?
1
What is the ten thousands digit of 142095?
4
What is the thousands digit of 20655?
0
What is the tens digit of 18543?
4
What is the units digit of 1296?
6
What is the thousands digit of 3152?
3
What is the ten thousands digit of 34385?
3
What is the hundreds digit of 58188?
1
What is the hundreds digit of 5661?
6
What is the thousands digit of 71703?
1
What is the thousands digit of 122567?
2
What is the hundreds digit of 79536?
5
What is the tens digit of 1551?
5
What is the thousands digit of 1901?
1
What is the hundreds digit of 155?
1
What is the units digit of 12008?
8
What is the hundreds digit of 3576?
5
What is the tens digit of 380?
8
What is the hundreds digit of 2107?
1
What is the tens digit of 979?
7
What is the tens digit of 624?
2
What is the units digit of 925?
5
What is the ten thousands digit of 18415?
1
What is the tens digit of 1792?
9
What is the hundreds digit of 2102?
1
What is the thousands digit of 3287?
3
What is the hundreds digit of 554?
5
What is the units digit of 11795?
5
What is the ten thousands digit of 87220?
8
What is the thousands digit of 1452?
1
What is the units digit of 54989?
9
What is the ten thousands digit of 186969?
8
What is the tens digit of 16128?
2
What is the units digit of 4538?
8
What is the tens digit of 3151?
5
What is the units digit of 5433?
3
What is the thousands digit of 30045?
0
What is the thousands digit of 2352?
2
What is the units digit of 1875?
5
What is the tens digit of 4774?
7
What is the hundreds digit of 5242?
2
What is the thousands digit of 2908?
2
What is the hundreds digit of 4325?
3
What is the units digit of 82594?
4
What is the thousands digit of 17011?
7
What is the tens digit of 254?
5
What is the tens digit of 12220?
2
What is the tens digit of 12441?
4
What is the units digit of 1799?
9
What is the thousands digit of 22299?
2
What is the hundreds digit of 38403?
4
What is the tens digit of 27111?
1
What is the thousands digit of 4533?
4
What is the thousands digit of 21647?
1
What is the units digit of 5786?
6
What is the tens digit of 305?
0
What is the thousands digit of 12263?
2
What is the thousands digit of 7543?
7
What is the units digit of 3500?
0
What is the units digit of 4877?
7
What is the tens digit of 1189?
8
What is the tens digit of 2671?
7
What is the units digit of 19628?
8
What is the hundreds digit of 4355?
3
What is the hundreds digit of 16312?
3
What is the units digit of 876?
6
What is the hundreds digit of 6942?
9
What is the units digit of 1106?
6
What is the ten thousands digit of 14472?
1
What is the units digit of 7112?
2
What is the thousands digit of 40635?
0
What is the units digit of 36967?
7
What is the hundreds digit of 1116?
1
What is the ten thousands digit of 18048?
1
What is the hundreds digit of 46516?
5
What is the tens digit of 2411?
1
What is the units digit of 4772?
2
What is the hundreds digit of 997?
9
What is the units digit of 10163?
3
What is the units digit of 168?
8
What is the hundreds digit of 5244?
2
What is the thousands digit of 52411?
2
What is the units digit of 8493?
3
What is the hundreds digit of 82511?
5
What is the units digit of 7313?
3
What is the hundreds digit of 1316?
3
What is the tens digit of 6571?
7
What is the ten thousands digit of 10003?
1
What is the hundreds digit of 5984?
9
What is the units digit of 60039?
9
What is the hundred thousands digit of 105462?
1
What is the hundreds digit of 29849?
8
What is the thousands digit of 28098?
8
What is the units digit of 1705?
5
What is the tens digit of 276?
7
What is the ten thousands digit of 59104?
5
What is the thousands digit of 5582?
5
What is the tens digit of 4962?
6
What is the units digit of 111?
1
What is the tens digit of 713?
1
What is the hundreds digit of 532?
5
What is the units digit of 3376?
6
What is the tens digit of 353?
5
What is the hundreds digit of 559?
5
What is the thousands digit of 1933?
1
What is the thousands digit of 25113?
5
What is the tens digit of 13612?
1
What is the hundreds digit of 13177?
1
What is the tens digit of 53544?
4
What is th